{"id":8,"date":"2018-05-15T15:35:53","date_gmt":"2018-05-15T15:35:53","guid":{"rendered":"http:\/\/www.ttlplanning.ro\/?page_id=5"},"modified":"2025-05-12T09:03:54","modified_gmt":"2025-05-12T09:03:54","slug":"about","status":"publish","type":"page","link":"https:\/\/www.ttlplanning.ro\/?page_id=8","title":{"rendered":"Despre Noi"},"content":{"rendered":"\n<div class=\"wp-block-media-text alignwide\" style=\"grid-template-columns:17% auto\"><figure class=\"wp-block-media-text__media\"><img loading=\"lazy\" decoding=\"async\" width=\"759\" height=\"941\" src=\"http:\/\/www.ttlplanning.ro\/wp-content\/uploads\/2019\/10\/IoM.png\" alt=\"\" class=\"wp-image-351 size-full\" srcset=\"https:\/\/www.ttlplanning.ro\/wp-content\/uploads\/2019\/10\/IoM.png 759w, https:\/\/www.ttlplanning.ro\/wp-content\/uploads\/2019\/10\/IoM-242x300.png 242w\" sizes=\"auto, (max-width: 759px) 100vw, 759px\" \/><\/figure><div class=\"wp-block-media-text__content\">\n<h4 class=\"wp-block-heading\"><strong>Ionut Mitroi &#8211; Managing Director<\/strong><\/h4>\n\n\n\n<p><\/p>\n\n\n\n<p>Cu o experien\u021b\u0103 de 15 ani \u00een domeniul mobilit\u0103\u021bii urbane \u0219i al planific\u0103rii \/ model\u0103rii \u00een transportului, Ionut Mitroi a dob\u00e2ndit cuno\u0219tin\u021be practice \u0219i teoretice de specialitate \u00een domeniul planific\u0103rii strategice a transporturilor folosind sisteme moderne de management \u0219i software specializat pentru modelarea si prognoza cererii de transport. Domeniul s\u0103u de expertiz\u0103 \u0219i aptitudinile profesionale acoper\u0103 domeniul transportului \u0219i ingineriei traficului, specializat pe domeniul evalu\u0103rii tehnice, economice \u0219i financiare a proiectelor de dezvoltare a sistemelor de transport, logistica &nbsp;\u0219i mobilitate, procese decizionale \u00een transporturi, studii de pia\u021b\u0103 orientate spre transport, gestionarea transportului \u0219i a traficului pentru m\u0103rfuri \u0219i persoane. A absolvit un Master \u00een Logistica \u0219i Managementul Transporturilor, teza sa av\u00e2nd ca subiect modelarea congestiei urbane iar \u00een 2015 el a dob\u00e2ndit titlul de Doctor in Stiinte Inginere\u0219ti cu Teza &nbsp;\u201eAlocarea fluxurilor de trafic \u00een re\u021bele urbane congestionate\u201d.<\/p>\n\n\n\n<p><\/p>\n\n\n\n<p> De-a lungul carierei sale a fost implicat \u00een proiecte majore de elaborare a studiilor de fezabilitate pentru noi linii de metrou, incluz\u00e2nd planificarea \/ modelarea transporturilor, analiza op\u021biunilor, analiza cost-beneficiu precum \u0219i \u00een proiecte de cercetare privind siguran\u021ba traficului rutier. De asemenea, a fost implicat \u00een studii de trafic pentru proiectele de dezvoltare a infrastructurii de transport public sau proiecte rutiere \u0219i feroviare, precum \u0219i \u00een &nbsp;dezvoltarea strategiilor de mobilitate urban\u0103 \u0219i a dezvolt\u0103rii contractelor de servicii publice de transport. Dup\u0103 absolvirea universit\u0103\u021bii a \u00eenceput activitatea ca transport planner \/ modeller, &nbsp;manager de proiect, \u0219ef al departamentului de planificare \u00een transporturi, iar din 2016 este consultant pe probleme de dezvoltare a transporturilor \u0219i conduce compania TTL PLANNING \u00een calitate de Managing Director <\/p>\n<\/div><\/div>\n\n\n\n<hr class=\"wp-block-separator has-css-opacity\"\/>\n\n\n\n<div class=\"wp-block-media-text alignwide\" style=\"grid-template-columns:17% auto\"><figure class=\"wp-block-media-text__media\"><img loading=\"lazy\" decoding=\"async\" width=\"266\" height=\"334\" src=\"http:\/\/www.ttlplanning.ro\/wp-content\/uploads\/2023\/07\/TTL-BoP.png\" alt=\"\" class=\"wp-image-651 size-full\" srcset=\"https:\/\/www.ttlplanning.ro\/wp-content\/uploads\/2023\/07\/TTL-BoP.png 266w, https:\/\/www.ttlplanning.ro\/wp-content\/uploads\/2023\/07\/TTL-BoP-239x300.png 239w, https:\/\/www.ttlplanning.ro\/wp-content\/uploads\/2023\/07\/TTL-BoP-60x75.png 60w\" sizes=\"auto, (max-width: 266px) 100vw, 266px\" \/><\/figure><div class=\"wp-block-media-text__content\">\n<p class=\"has-normal-font-size\"><strong>Bogdan Petrini \u2013 Consultant Transporturi<\/strong><\/p>\n\n\n\n<p class=\"has-text-align-left has-normal-font-size\">Bogdan Petrini este absolvent al Facult\u0103\u021bii de Transporturi din cadrul UPB, specializarea Ingineria Transporturilor. Cu o experien\u021b\u0103 de 3 ani \u00een domeniul planific\u0103rii strategice \u00een transporturi, expertiza sa profesional\u0103 acoper\u0103 domeniul ingineriei transporturilor \u0219i a traficului, specializat pe modelarea \u00een transporturi, \u0219i planificarea \u0219i organizarea serviciilor de transport public, acumul\u00e2nd experien\u021b\u0103 \u00een acest sens \u00een timpul unei mobilit\u0103\u021bi de studiu ce s-a \u00eentins pe un an la Universitatea Tehnic\u0103 din Praga. Este absolvent al unui Master \u00een Transport \u0219i Trafic Urban, lucrarea sa de diserta\u021bie av\u00e2nd ca subiect corela\u021bii \u00eentre dezvoltarea urban\u0103 \u0219i re\u021belele de transport public de mare capacitate, tem\u0103 pe care o dezvolt\u0103 \u00een continuare \u00een cadrul studiilor doctorale. <\/p>\n\n\n\n<p> Bogdan a fost implicat \u00een proiecte majore de preg\u0103tire a studiilor de fezabilitate pentru linii de metrou (M1 Cluj-Napoca, M5 Bucure\u0219ti, M2 Bucure\u0219ti), incluz\u00e2nd analiza op\u021biunilor, analize de accesibilitate, analize opera\u021bionale \u0219i analize de perspectiv\u0103 privind integrarea noilor magistrale cu re\u021belele existente \u0219i alte proiecte viitoare. De asemenea, are expertiz\u0103 \u00een elaborarea \u0219i actualizarea planurilor de mobilitate urban\u0103 durabil\u0103 (Cluj-Napoca, Arad, Zal\u0103u, Borsec, Bistri\u021ba, S\u0103cueni, N\u0103s\u0103ud, F\u0103g\u0103ra\u0219, Reca\u0219, Zimnicea, Chi\u0219in\u0103u, Cahul, Reghin), studii de trafic pentru proiecte de dezvoltare a infrastructurii rutiere \u0219i de transport public (variante de ocolire, reorganizarea circula\u021biei la nivelul zonelor urbane), studii de oportunitate privind reconfigurarea re\u021belelor de transport public (Bac\u0103u) \u0219i audit tehnico-economic privind activitatea operatorilor de transport public (Bucure\u0219ti, Ia\u0219i).  <\/p>\n\n\n\n<p><\/p>\n<\/div><\/div>\n\n\n\n<hr class=\"wp-block-separator has-css-opacity\"\/>\n\n\n\n<div class=\"wp-block-media-text alignwide\" style=\"grid-template-columns:17% auto\"><figure class=\"wp-block-media-text__media\"><img loading=\"lazy\" decoding=\"async\" width=\"371\" height=\"482\" src=\"http:\/\/www.ttlplanning.ro\/wp-content\/uploads\/2023\/12\/Alex2.png\" alt=\"\" class=\"wp-image-682 size-full\" srcset=\"https:\/\/www.ttlplanning.ro\/wp-content\/uploads\/2023\/12\/Alex2.png 371w, https:\/\/www.ttlplanning.ro\/wp-content\/uploads\/2023\/12\/Alex2-231x300.png 231w, https:\/\/www.ttlplanning.ro\/wp-content\/uploads\/2023\/12\/Alex2-58x75.png 58w\" sizes=\"auto, (max-width: 371px) 100vw, 371px\" \/><\/figure><div class=\"wp-block-media-text__content\">\n<p class=\"has-normal-font-size\"><strong>Alexandru Ciortea <\/strong> <strong> \u2013 Consultant Transporturi<\/strong><\/p>\n\n\n\n<p class=\"has-text-align-left has-normal-font-size\">Alexandru este absolvent al Facult\u0103\u021bii de Transporturi din cadrul Universit\u0103\u021bii Politehnica din Bucure\u0219ti, av\u00e2nd specializarea \u00een Ingineria Transporturilor, absolvind \u00een promo\u021bia 2023. Pentru a-\u0219i dezvolta expertiza \u00een acest domeniu, s-a \u00eenscris la programul de master \u00een Transport \u0219i Trafic Urban oferit de Facultatea de Transporturi, Universitatea Politehnic\u0103 din Bucure\u0219ti. .<\/p>\n\n\n\n<p> \u00cen timpul programului de practic\u0103 din cadrul Facult\u0103\u021bii, efectuat la compania TTL PLANNING, a fost implicat \u00een diferite activit\u0103\u021bi precum contoriz\u0103ri de trafic, colect\u0103ri de date pentru linia de metrou M5 din Bucure\u0219ti \u0219i procesare de date extrase din chestionare de mobilitate, acumul\u00e2nd aptitudini profesionale solide \u00een domeniul ingineriei transporturilor \u0219i a traficului. \u00cen prezent, Alexandru ocup\u0103 pozi\u021bia de consultant junior \u00een cadrul companiei TTL PLANNING <\/p>\n<\/div><\/div>\n\n\n\n<hr class=\"wp-block-separator has-css-opacity\"\/>\n\n\n\n<div class=\"wp-block-media-text alignwide\" style=\"grid-template-columns:17% auto\"><figure class=\"wp-block-media-text__media\"><img loading=\"lazy\" decoding=\"async\" width=\"686\" height=\"936\" src=\"http:\/\/www.ttlplanning.ro\/wp-content\/uploads\/2024\/10\/andrei.png\" alt=\"\" class=\"wp-image-692 size-full\" srcset=\"https:\/\/www.ttlplanning.ro\/wp-content\/uploads\/2024\/10\/andrei.png 686w, https:\/\/www.ttlplanning.ro\/wp-content\/uploads\/2024\/10\/andrei-220x300.png 220w, https:\/\/www.ttlplanning.ro\/wp-content\/uploads\/2024\/10\/andrei-55x75.png 55w\" sizes=\"auto, (max-width: 686px) 100vw, 686px\" \/><\/figure><div class=\"wp-block-media-text__content\">\n<p class=\"has-normal-font-size\"><strong>Andrei Capros \u2013 Consultant Transporturi<\/strong><\/p>\n\n\n\n<p class=\"has-text-align-left has-normal-font-size\">Andrei este absolvent al studiilor de licen\u021b\u0103, \u00een promo\u021bia 2024, la Facultatea de Transporturi din cadrul Universit\u0103\u021bii Na\u021bionale de \u0218tiin\u021b\u0103 \u0219i Tehnologie Politehnica Bucure\u0219ti, cu specializarea \u00een Ingineria Transporturilor. Dup\u0103 absolvire, pentru a-\u0219i fundamenta cuno\u0219tin\u021bele \u00een acest domeniu, urmeaz\u0103 studiile \u0219i la programul de masterat Transport \u0219i Trafic Urban din cadrul aceleia\u0219i facultate. <\/p>\n\n\n\n<p> \u00cenainte de a se al\u0103tura echipei TTL Planning , Andrei a colaborat \u00een cadrul colect\u0103rii de date pentru actualizarea Planului de Mobilitate Urban\u0103 Durabil\u0103 a Municipiului Bucure\u0219ti, realiz\u00e2nd contoriz\u0103ri pentru liniile de transport public principale ale zonei metropolitane \u0219i coordon\u00e2nd ceilal\u021bi studen\u021bi din cadrul proiectului pentru centralizarea datelor. Pe l\u00e2ng\u0103 asta, Andrei a realizat un stagiu de practic\u0103 \u00een cadrul companiei, \u00een care a fost implicat \u00een procesarea datelor pentru realizarea unui proiect de servicii de asisten\u021b\u0103 tehnic\u0103 \u00een vederea \u00eembun\u0103t\u0103\u021birii \u0219i eficientiz\u0103rii serviciului de transport public local din Municipiul Ia\u0219i. \u00cen prezent, Andrei ocup\u0103 pozi\u021bia de consultant junior \u00een domeniul transporturilor, ajut\u00e2nd la g\u0103sirea solu\u021biilor pentru provoc\u0103rile acestui sector dinamic \u0219i \u00een plin\u0103 schimbare.<\/p>\n<\/div><\/div>\n\n\n\n<hr class=\"wp-block-separator has-css-opacity\"\/>\n\n\n\n<figure class=\"wp-block-gallery has-nested-images columns-default aligncenter wp-block-gallery-1 is-layout-flex wp-block-gallery-is-layout-flex\">\n<figure class=\"wp-block-image size-large\"><img loading=\"lazy\" decoding=\"async\" width=\"1024\" height=\"217\" data-id=\"375\" src=\"https:\/\/www.ttlplanning.ro\/wp-content\/uploads\/2019\/10\/Banner-3-2-1024x217.png\" alt=\"\" class=\"wp-image-375\" srcset=\"https:\/\/www.ttlplanning.ro\/wp-content\/uploads\/2019\/10\/Banner-3-2-1024x217.png 1024w, https:\/\/www.ttlplanning.ro\/wp-content\/uploads\/2019\/10\/Banner-3-2-300x63.png 300w, https:\/\/www.ttlplanning.ro\/wp-content\/uploads\/2019\/10\/Banner-3-2-768x162.png 768w, https:\/\/www.ttlplanning.ro\/wp-content\/uploads\/2019\/10\/Banner-3-2.png 1607w\" sizes=\"auto, (max-width: 1024px) 100vw, 1024px\" \/><\/figure>\n<\/figure>\n\n\n\n<p><strong>TTTL PLANNING&nbsp;<\/strong>este este o societate rom\u00e2neasc\u0103 ce are ca obiect principal de activitate CAEN 7112 \u2013&nbsp; Activitati de inginerie si consultanta tehnica legate de acestea, ce activeaz\u0103 \u00een domeniul planific\u0103rii \u00een transporturi.<\/p>\n\n\n\n<p>Cu o echip\u0103 de consultan\u021bi cu experien\u021b\u0103 interna\u021bional\u0103, oferim servicii de consultan\u021b\u0103 \u0219i planificare strategic\u0103 \u00een transporturi ce se axeaz\u0103 pe inovare, eficien\u021b\u0103 \u0219i solu\u021bii durabile. Echipa noastr\u0103 are experien\u021b\u0103 de nivel \u00eenalt, esen\u021bial\u0103 \u00een \u00een\u021belegerea \u0219i identificarea celor mai bune rezultate ce vor fi furnizate beneficiarilor no\u0219tri.<\/p>\n\n\n\n<p>De la \u00eenfiin\u021bare, la \u00eenceputul anului 2016 lista noastr\u0103 de beneficiari s-a extins incluz\u00e2nd Autorit\u0103\u021bi Locale \u0219i Societ\u0103\u021bi Comerciale Private, rom\u00e2ne\u0219ti \u0219i interna\u021bionale. Oferim clien\u021bilor din sectorul public \u0219i privat o gam\u0103 larg\u0103 de servicii de consultan\u021b\u0103 \u0219i planificare strategic\u0103 \u00een transportului incluz\u00e2nd inginerie de trafic, analize economice in transporturi, planificarea durabil\u0103 a transporturilor, analiza, evaluarea \u0219i prioritizarea op\u021biunilor, dezvoltarea \u0219i planificarea accesibilit\u0103\u021bii, planificarea transportului public \u0219i privat, evaluarea si prognoza traficului precum \u0219i dezvoltarea de strategii de transport. Pentru mai multe informa\u021bii despre \u00eentreaga noastr\u0103 gam\u0103 de servicii pe care le oferim, pute\u021bi consulta sec\u021biunea Domenii de Activitate.<\/p>\n\n\n\n<p>Ast\u0103zi, competi\u021bia pentru fondurile structurale e din ce \u00een ce mai intens\u0103 iar dezvoltarea este necesar\u0103. Comunitatea dumneavoastr\u0103 conteaz\u0103! De aceea, trebuie sa excela\u021bi \u0219i s\u0103 profita\u021bi de oportunit\u0103\u021bile de finan\u021bare, urm\u0103rind strategii de dezvoltare intergrate, pentru a atrage investitori \u0219i a cre\u0219te bun\u0103starea comunit\u0103\u021bii dumneavoastr\u0103 \u00een concordan\u021b\u0103 cu nevoile de mobilitate ale cet\u0103\u021benilor.<\/p>\n\n\n\n<p><strong>TTL PLANNING&nbsp;<\/strong>v\u0103 pune la dispozi\u021bie bunele practici \u0219i amploarea expertizei intregii echipe \u00een domeniul dezvolt\u0103rii infrastructurii de transport, al managementului mobilit\u0103\u021bii \u0219i al finan\u021b\u0103rii proiectelor, pentru a reu\u0219i.<\/p>\n\n\n\n<hr class=\"wp-block-separator has-css-opacity\"\/>\n\n\n\n<p><strong>TTL PLANNING&nbsp;<\/strong>are implementat un &nbsp;<strong>Sistem de Management al Calit\u0103\u0163ii conform ISO 9001:2015 <\/strong>precum \u0219i un S<strong>istem de Management de Mediu (SMM) conform cerin\u021belor standardului SR EN ISO 14001:2015,<\/strong> iar printre dot\u0103rile software de care dispunem se afl\u0103 pachetul <strong>PTV VISUM 2023 <\/strong>de modelare \u0219i planificare strategic\u0103 a transporturilor \u0219i <strong>PTV VISSIM<\/strong> <strong>2023  <\/strong>pentru microsimularea traficului<\/p>\n\n\n\n<figure class=\"wp-block-gallery has-nested-images columns-5 is-cropped wp-block-gallery-2 is-layout-flex wp-block-gallery-is-layout-flex\">\n<figure class=\"wp-block-image size-large\"><img loading=\"lazy\" decoding=\"async\" width=\"603\" height=\"813\" data-id=\"445\" src=\"https:\/\/www.ttlplanning.ro\/wp-content\/uploads\/2019\/10\/ALB-Copy-4.png\" alt=\"\" class=\"wp-image-445\" srcset=\"https:\/\/www.ttlplanning.ro\/wp-content\/uploads\/2019\/10\/ALB-Copy-4.png 603w, https:\/\/www.ttlplanning.ro\/wp-content\/uploads\/2019\/10\/ALB-Copy-4-223x300.png 223w, https:\/\/www.ttlplanning.ro\/wp-content\/uploads\/2019\/10\/ALB-Copy-4-56x75.png 56w\" sizes=\"auto, (max-width: 603px) 100vw, 603px\" \/><\/figure>\n\n\n\n<figure class=\"wp-block-image size-large\"><img loading=\"lazy\" decoding=\"async\" width=\"724\" height=\"1024\" data-id=\"534\" src=\"https:\/\/www.ttlplanning.ro\/wp-content\/uploads\/2019\/12\/09RSC013470001RO-724x1024.jpg\" alt=\"\" class=\"wp-image-534\" srcset=\"https:\/\/www.ttlplanning.ro\/wp-content\/uploads\/2019\/12\/09RSC013470001RO-724x1024.jpg 724w, https:\/\/www.ttlplanning.ro\/wp-content\/uploads\/2019\/12\/09RSC013470001RO-212x300.jpg 212w, https:\/\/www.ttlplanning.ro\/wp-content\/uploads\/2019\/12\/09RSC013470001RO-768x1086.jpg 768w, https:\/\/www.ttlplanning.ro\/wp-content\/uploads\/2019\/12\/09RSC013470001RO-1087x1536.jpg 1087w, https:\/\/www.ttlplanning.ro\/wp-content\/uploads\/2019\/12\/09RSC013470001RO-1449x2048.jpg 1449w, https:\/\/www.ttlplanning.ro\/wp-content\/uploads\/2019\/12\/09RSC013470001RO-53x75.jpg 53w, https:\/\/www.ttlplanning.ro\/wp-content\/uploads\/2019\/12\/09RSC013470001RO.jpg 1654w\" sizes=\"auto, (max-width: 724px) 100vw, 724px\" \/><\/figure>\n\n\n\n<figure class=\"wp-block-image size-large\"><img loading=\"lazy\" decoding=\"async\" width=\"724\" height=\"1024\" data-id=\"535\" src=\"https:\/\/www.ttlplanning.ro\/wp-content\/uploads\/2019\/12\/14RSC013470001RO-724x1024.jpg\" alt=\"\" class=\"wp-image-535\" srcset=\"https:\/\/www.ttlplanning.ro\/wp-content\/uploads\/2019\/12\/14RSC013470001RO-724x1024.jpg 724w, https:\/\/www.ttlplanning.ro\/wp-content\/uploads\/2019\/12\/14RSC013470001RO-212x300.jpg 212w, https:\/\/www.ttlplanning.ro\/wp-content\/uploads\/2019\/12\/14RSC013470001RO-768x1086.jpg 768w, https:\/\/www.ttlplanning.ro\/wp-content\/uploads\/2019\/12\/14RSC013470001RO-1087x1536.jpg 1087w, https:\/\/www.ttlplanning.ro\/wp-content\/uploads\/2019\/12\/14RSC013470001RO-1449x2048.jpg 1449w, https:\/\/www.ttlplanning.ro\/wp-content\/uploads\/2019\/12\/14RSC013470001RO-53x75.jpg 53w, https:\/\/www.ttlplanning.ro\/wp-content\/uploads\/2019\/12\/14RSC013470001RO.jpg 1654w\" sizes=\"auto, (max-width: 724px) 100vw, 724px\" \/><\/figure>\n\n\n\n<figure class=\"wp-block-image size-large\"><img loading=\"lazy\" decoding=\"async\" width=\"637\" height=\"805\" data-id=\"536\" src=\"https:\/\/www.ttlplanning.ro\/wp-content\/uploads\/2019\/12\/ptv-ttl.jpg\" alt=\"\" class=\"wp-image-536\" srcset=\"https:\/\/www.ttlplanning.ro\/wp-content\/uploads\/2019\/12\/ptv-ttl.jpg 637w, https:\/\/www.ttlplanning.ro\/wp-content\/uploads\/2019\/12\/ptv-ttl-237x300.jpg 237w, https:\/\/www.ttlplanning.ro\/wp-content\/uploads\/2019\/12\/ptv-ttl-59x75.jpg 59w\" sizes=\"auto, (max-width: 637px) 100vw, 637px\" \/><\/figure>\n\n\n\n<figure class=\"wp-block-image size-large\"><img loading=\"lazy\" decoding=\"async\" width=\"603\" height=\"813\" data-id=\"444\" src=\"https:\/\/www.ttlplanning.ro\/wp-content\/uploads\/2019\/10\/ALB-Copy-3.png\" alt=\"\" class=\"wp-image-444\" srcset=\"https:\/\/www.ttlplanning.ro\/wp-content\/uploads\/2019\/10\/ALB-Copy-3.png 603w, https:\/\/www.ttlplanning.ro\/wp-content\/uploads\/2019\/10\/ALB-Copy-3-223x300.png 223w, https:\/\/www.ttlplanning.ro\/wp-content\/uploads\/2019\/10\/ALB-Copy-3-56x75.png 56w\" sizes=\"auto, (max-width: 603px) 100vw, 603px\" \/><\/figure>\n<\/figure>\n","protected":false},"excerpt":{"rendered":"<p>Ionut Mitroi &#8211; Managing Director Cu o experien\u021b\u0103 de 15 ani \u00een domeniul mobilit\u0103\u021bii urbane \u0219i al planific\u0103rii \/ model\u0103rii \u00een transportului, Ionut Mitroi a dob\u00e2ndit cuno\u0219tin\u021be practice \u0219i teoretice de specialitate \u00een domeniul planific\u0103rii strategice a transporturilor folosind sisteme moderne de management \u0219i software specializat pentru modelarea si prognoza cererii de transport. Domeniul s\u0103u&#8230;<\/p>\n","protected":false},"author":1,"featured_media":0,"parent":0,"menu_order":0,"comment_status":"closed","ping_status":"closed","template":"","meta":{"footnotes":""},"class_list":["post-8","page","type-page","status-publish","hentry"],"_links":{"self":[{"href":"https:\/\/www.ttlplanning.ro\/index.php?rest_route=\/wp\/v2\/pages\/8","targetHints":{"allow":["GET"]}}],"collection":[{"href":"https:\/\/www.ttlplanning.ro\/index.php?rest_route=\/wp\/v2\/pages"}],"about":[{"href":"https:\/\/www.ttlplanning.ro\/index.php?rest_route=\/wp\/v2\/types\/page"}],"author":[{"embeddable":true,"href":"https:\/\/www.ttlplanning.ro\/index.php?rest_route=\/wp\/v2\/users\/1"}],"replies":[{"embeddable":true,"href":"https:\/\/www.ttlplanning.ro\/index.php?rest_route=%2Fwp%2Fv2%2Fcomments&post=8"}],"version-history":[{"count":28,"href":"https:\/\/www.ttlplanning.ro\/index.php?rest_route=\/wp\/v2\/pages\/8\/revisions"}],"predecessor-version":[{"id":701,"href":"https:\/\/www.ttlplanning.ro\/index.php?rest_route=\/wp\/v2\/pages\/8\/revisions\/701"}],"wp:attachment":[{"href":"https:\/\/www.ttlplanning.ro\/index.php?rest_route=%2Fwp%2Fv2%2Fmedia&parent=8"}],"curies":[{"name":"wp","href":"https:\/\/api.w.org\/{rel}","templated":true}]}}